o, 2*x - 20 = 5*o. What is the remainder when h is divided by x?
14
Let v(n) = -2*n + 16. Let c be v(-4). Suppose -c = 24*d - 26*d. What is the remainder when 46 is divided by d?
10
Let l = 203 + 143. Suppose 2*d + 2*d - 680 = -5*x, 2*d + 4*x = l. Suppose 11*o - d - 44 = 0. Calculate the remainder when 49 is divided by o.
11
Let x(r) = -91*r + 2043. What is the remainder when 1285 is divided by x(22)?
14
Let h(n) = -1463*n - 2841. Calculate the remainder when 431 is divided by h(-2).
6
Suppose -9*a + 8*a = 7. Let m(f) = f + 9. Let l be m(a). Suppose l*s - 16 = -w + 3*s, -3*w + 4*s = -44. What is the remainder when w is divided by 9?
2
Suppose -364 = 2*k - 6*k. Suppose -30*g + 64133 = 63443. What is the remainder when k is divided by g?
22
Suppose 4*h - 530 = -k, 4*k = 77*h - 74*h + 2177. What is the remainder when k is divided by 48?
14
Suppose -234 = -4*m - 5*j, 298 = 5*m + j - 5. Let a = m - -3. Suppose c = 3*c - 22. What is the remainder when a is divided by c?
9
Let u = -304 + 366. Suppose -15*y = u - 92. What is the remainder when 13 is divided by y?
1
Let o be (1 - 4) + (11 - 3). Suppose -o*g + 8*g + 1236 = 0. Let a = g - -714. What is the remainder when a is divided by 61?
58
Let h(v) = -v**2. Let z(j) = j**3 + 5*j**2 + 8*j - 4. Let u(d) = -4*h(d) - z(d). Calculate the remainder when u(-7) is divided by 51.
48
Suppose -4*s = -92*r + 95*r - 32, 0 = -5*s - 2*r + 33. Calculate the remainder when ((-304)/20)/((-4)/10) is divided by s.
3
Suppose 0*n = -4*n + 8. Let i be (11/(231/90))/((-1)/14). Let j = 62 + i. What is the remainder when j is divided by n?
0
Suppose 0*v - 10 = 5*v. Let h(o) = -o**2 - o + 12. Let f be h(-6). Let n = v - f. What is the remainder when n is divided by 7?
2
Let u = -319 - -404. Suppose 3 - 1 = -4*k - 2*h, -3*k + 1 = 4*h. Calculate the remainder when u is divided by ((-66)/15)/(k/5).
19
Suppose 0 = -31*z + 36*z - 230. Let b(d) = 10 - d**2 - 9*d - 2 + 9. Calculate the remainder when z is divided by b(-9).
12
Let p be (-1)/(-5) - (-1)/(-5). Let d(v) = -v**2 + v - 17. Let g be d(p). Let c = -15 - g. What is the remainder when 5 is divided by c?
1
Let k(m) = -m**3 - 34*m**2 + 71*m - 25. What is the remainder when 46 is divided by k(-36)?
2
Let r = -14 - -50. Suppose -x + r = 3*p, 4*x - 2*p - p = 189. What is the remainder when x is divided by 4/(-36) + (-452)/(-18)?
20
Let q(c) = 145*c + 169. Calculate the remainder when 184 is divided by q(-1).
16
Suppose -6*s + 1299 = -1821. Let g = 534 - s. Calculate the remainder when 292 is divided by g.
12
Calculate the remainder when ((-229870)/3175)/(1/(-655)) is divided by 26.
24
Let v = 30 - 11. Let j(g) = g**3 - 15*g**2 - 74*g - 37. What is the remainder when 5 is divided by j(v)?
0
Let x(p) = -1. Let o(h) = 6*h - 36. Let d(r) = o(r) + 12*x(r). What is the remainder when d(9) is divided by 1?
0
Let r(w) = 200*w + 3857. What is the remainder when 7122 is divided by r(-19)?
54
Suppose 9*c + 21648 = 8*c + 67*c. What is the remainder when 999 is divided by c?
15
Let t(g) = -g**3 - 2*g**2 - 37*g - 299. Calculate the remainder when t(-14) is divided by 8.
3
Suppose -2*s = -w + 42, -30*s + 74 = 2*w - 32*s. What is the remainder when 534 is divided by w?
22
Let d(x) = 4*x**3 - 8*x**2 + 33*x - 125. Calculate the remainder when 478 is divided by d(4).
73
Suppose 4328*o + 272 = 4362*o. What is the remainder when 502 is divided by o?
6
Let j = 9 + -5. Suppose 0*x - j*x = -4. What is the remainder when 3 is divided by (1 + -5 + x)*-1?
0
Suppose -4*h + 6*h - 411 = 3*i, 4*i + 20 = 0. What is the remainder when h is divided by (2 + 23)/(((-1175)/(-1880))/((-10)/(-8)))?
48
Let x(y) = y**3 + 27*y**2 + 138*y - 11. Let v(u) = -3*u - 4. Calculate the remainder when v(-4) is divided by x(-7).
2
Suppose -27*g - 2391 = -30*g - 3*d, 0 = 3*g + 2*d - 2391. Calculate the remainder when g is divided by 393.
11
Suppose 3*g + g - 388 = -2*p, -g = 2*p - 94. Let w = g + -50. Let b(t) = 6*t**2 - 192*t + 17. Calculate the remainder when w is divided by b(32).
14
Suppose 112*x = 10*x - 15*x + 7605. Let w(v) = 14*v**2 + v + 8. What is the remainder when w(6) is divided by x?
63
Calculate the remainder when 57 is divided by 12/(-18)*(1 - 10) + 3.
3
Suppose k - 5 = d, 2*d - d - 20 = -4*k. Suppose -k - 67 = -9*a. Calculate the remainder when 15 is divided by a.
7
Let p(s) = s + 25. Let t be -1*((-9 - -4) + -146). Let u = 191 - t. Calculate the remainder when u is divided by p(-11).
12
Let o be 1 + -3 + 0 + 1. Let j(d) = 33*d + 7. Let m(t) = 34*t + 8. Let c(w) = -7*j(w) + 6*m(w). What is the remainder when 50 is divided by c(o)?
24
Suppose -2*x + 361 = 2*x + 5*c, -473 = -5*x + c. Calculate the remainder when x is divided by 80.
14
Let r(m) = -35*m - 7. Let c be r(-1). Suppose 2*l + 16 = -2*l, -w + 5*l = -c. Calculate the remainder when w is divided by 5.
3
Suppose 5*d = 253 + 187. Suppose 4*c + 5*c = -5769. Let p = c + 650. What is the remainder when d is divided by p?
7
Suppose -7*y - 4*w = -92, -w - 52 + 40 = 0. Calculate the remainder when y is divided by (-1*2 - 0) + 8.
2
Suppose 3*c = 9*n - 4*n - 137, 0 = -4*n + 5*c + 107. Suppose 3*l + 4*w - 224 = 0, -236 = -3*l - 2*w + w. What is the remainder when l is divided by n?
24
Let s be (-4)/16 + 0 + (-5319)/(-12). Suppose 13*u - 14*u + s = 0. Let h = -216 + u. Calculate the remainder when h is divided by 38.
37
Let l(b) = 5*b**2 - 10*b + 73. Let t(h) = -h**2 - h - 1. Let f(d) = l(d) + 6*t(d). Calculate the remainder when f(-16) is divided by 37.
30
Let f(q) = -q**3 + q**2 - q + 6. Let m be f(0). What is the remainder when 128 is divided by (2 + (-10)/m)/((-11)/(-1848))?
16
Let l(t) = -44*t - 468. Let j(s) = -9*s - 93. Let f(w) = -11*j(w) + 2*l(w). What is the remainder when 167 is divided by f(-4)?
38
Calculate the remainder when 2/6*(-32 - -29)*-3*1871 is divided by 3.
0
Let p = -7 + 3. Suppose -n + 10 + 23 = 0. What is the remainder when 1*(127 + p/(-1)) is divided by n?
32
Suppose 4*d = 3*d - 21. Let r = d - -27. Suppose 0 = 3*q + 6, o = 16*q - 17*q + 21. Calculate the remainder when o is divided by r.
5
Let u be 30/(-8) + 11/(-44). Let s be u/(-16)*2*6. Suppose 10 = 2*q + s*q - l, 4*l = -q + 2. Calculate the remainder when q is divided by 1.
0
Let a(d) = 4*d**2 + 36*d - 35. Let t be ((-9)/6)/(2/(-28)). Suppose -3*i + 24 = -3*p, -2*i + p = 4*p - t. What is the remainder when i is divided by a(-10)?
4
Suppose 631 = 4*o + d, 3 = 2*d - 3. Suppose -145*b + o*b = 468. Calculate the remainder when 82 is divided by b.
4
What is the remainder when 1166 is divided by (-12556)/(-258)*(-9)/(-6)?
71
Suppose -3*k = 3*g - 231, -4*g = -115*k + 114*k - 343. Calculate the remainder when 600 is divided by g.
12
Suppose -2*q = -0 + 2, 3*q + 23 = 4*a. Suppose a*t - 95 = -455. Let g = t + 100. What is the remainder when g is divided by 3?
1
Calculate the remainder when ((-930)/(-66))/(52/572) is divided by 42.
29
Suppose 0 = -41*g + 44*g + 12, 0 = 5*w + 4*g - 2654. What is the remainder when w is divided by 55?
39
Suppose 37031 = 28*h + 16143. What is the remainder when h is divided by 251?
244
Suppose 0 = -v + 41 + 7. Let y = v - -434. Calculate the remainder when y is divided by 11.
9
Let u = 281 + -277. Suppose -b + u*j = -38, -4*b - 64 = -6*b + 4*j. Calculate the remainder when 47 is divided by b.
21
Let s = 43 + 44. Suppose 0 = 4*f - s - 65. What is the remainder when (-336)/16 + 21 + 2 + 294/2 is divided by f?
35
Let q(d) = 3*d - 1. Let h be q(4). Let b = 18 - h. Let l(w) = -6*w**2 + 251*w + 1476. Calculate the remainder when l(47) is divided by b.
5
Suppose 21*f + 17*f - 4332 = 0. Suppose -f = -11*d + 106. Calculate the remainder when 37 is divided by d.
17
Suppose -3*i = 5*q - 453, 0 - 5 = -5*i. Suppose -4*g + 9*g - q = 0. Suppose 4*s = 12, 2*z + 3*s = -1596 + 1745. What is the remainder when z is divided by g?
16
Let y(v) = 189*v + 255. Calculate the remainder when y(2) is divided by 40.
33
Let n = 57 + -33. Let k = n + 9. Calculate the remainder when k is divided by (-8)/(((-10)/3)/5).
9
Suppose 207*z - 389*z - 1127 = -205*z. Suppose 0 = -3*d - 9, -5*l + 7 = 4*d - 31. What is the remainder when z is divided by l?
9
Let u(f) = -f**2 - 78*f - 1447. Calculate the remainder when u(-38) is divided by 15.
13
Let a(c) = c**2 - c - 17. Let v(s) = -s**2 + 13*s. Let m be v(10).